r. What are the prime factors of z?
2, 11
Let a be 0 - (-3 - (-92)/2). Let f = 129 + a. List the prime factors of f.
2, 43
Let t(p) = 4*p**2 - 42*p - 240. What are the prime factors of t(-30)?
2, 3, 5, 7, 11
Let t be (-3 - -2)/(-1)*0. Let r(x) = t + 2*x + 3 - 3*x**2 + 2*x - 2*x**3 + x**3. What are the prime factors of r(-4)?
3
Let y = 177 + -257. Suppose 4402 + 698 = -102*s. Let n = s - y. List the prime factors of n.
2, 3, 5
Let f(k) = -k**3 - 18*k**2 + k - 13. Let t(v) = -v**2. Suppose -4*b - 30 = -9*b. Let x(r) = b*t(r) - f(r). List the prime factors of x(-12).
5
Let p = 2 + 7. Let r be (-36)/p - (0 + 0). List the prime factors of (78/(-4))/(3/r).
2, 13
Let r be (-3 - -5) + 9 - -3. Let c = r + -11. Suppose 0 = -c*n, h + 4*n - 34 = n. List the prime factors of h.
2, 17
Let d(p) = p - 12. Let x be d(10). Let v be (3/6)/(x/(-492)). Suppose 5*l = 12 + v. List the prime factors of l.
3
Suppose -5*n + n + 8 = 0, n = -5*q + 62. Let l = 15 - q. Suppose -l*t + 24 = -t. List the prime factors of t.
2, 3
What are the prime factors of 4 - (-7 + -3 + -947)?
31
Let j = 91 + -58. Let n = j + 2. What are the prime factors of n?
5, 7
Let z(c) = c**3 - 2*c**2 + 4*c + 3. Let d be z(5). Suppose 4*n = 11*n - d. Suppose 3 = t - n. List the prime factors of t.
17
Let d(s) = s**3 - s**2 + 7*s - 10. What are the prime factors of d(7)?
3, 37
Let w(j) = 7*j**2 - 7*j - 83. What are the prime factors of w(-13)?
3, 397
Let d be -5 - (-7 - -4) - 7. What are the prime factors of (-177)/((d*(-4)/(-8))/3)?
2, 59
Suppose -4456 + 49366 = 15*m. What are the prime factors of m?
2, 3, 499
Let y = -163 - -269. What are the prime factors of y?
2, 53
Let c = 19 - 25. Let z be (12 + 1)/(c/12). Let m = z - -31. What are the prime factors of m?
5
Let n(p) = 43*p + 7. Let o be n(-2). Let v = o - -120. What are the prime factors of v?
41
Let c(y) = 2*y - 10. Let b be c(6). Let t be b + -2*2/(-4). Suppose 0 = -t*f - f + 60. What are the prime factors of f?
3, 5
Let n = 12 - 7. Let o be (4/n)/((-2)/(-20)). Let p = 26 - o. List the prime factors of p.
2, 3
Let n = 220 - 76. Let q = -84 + n. What are the prime factors of q?
2, 3, 5
Let t = 3209 - -55. What are the prime factors of t?
2, 3, 17
Let x = 5 + -3. Let q = -307 - -311. Suppose q*c - 190 = -c + 3*v, 77 = x*c - v. List the prime factors of c.
41
Let t(m) = m**2 - 7*m - 5. Let j be t(8). Let h(q) = -5 - j*q + 2 + 2*q. What are the prime factors of h(-5)?
2
Let h(w) = w**3 + 15*w**2 - 7*w - 3. Let p be h(-15). Suppose 99*b + 549 = p*b. List the prime factors of b.
3, 61
Let k be 1/(-6) + 122/12. Let b(p) be the second derivative of p**4/12 - 4*p**3/3 + 3*p**2 + 2*p. List the prime factors of b(k).
2, 13
Let g = -50 + 52. What are the prime factors of -1 + g - (-75 + 2/(-2))?
7, 11
Let s(i) = i**3 + 5*i**2 - 2*i + 14. Let c be s(-5). List the prime factors of (1 - -2)/(c/22 + -1).
3, 11
Let n(r) = -9*r - 6. Let i = 9 + 2. Suppose -3 + 35 = -5*l - 4*s, 0 = 5*l - 3*s + i. List the prime factors of n(l).
2, 3, 5
Suppose 8*f - 4*f - 80 = 0. Suppose -6*d + 2*d + 24 = 0. What are the prime factors of f/((d/9)/1)?
2, 3, 5
Let i be (-4 - -7)*6/9. Suppose j + i*h - 131 = 0, -5*j + 3*h + 420 = -2*j. What are the prime factors of j?
137
Let j(n) = 2*n**3 - 64*n**2 - 43*n + 34. What are the prime factors of j(33)?
13, 61
Let v(l) be the second derivative of l**4/2 + 4*l**3/3 + 11*l**2/2 + l. Let g be v(-5). Let y = g - 72. List the prime factors of y.
7
Suppose r - n - 512 = -5*n, 0 = -5*r + 2*n + 2516. What are the prime factors of r?
2, 3, 7
Let i = 297 - 181. Let x(u) = -u**2 + 5*u - 11. Let r be x(9). Let d = i + r. List the prime factors of d.
3, 23
Suppose 3*t - 1753 = 2*r, 2*t + r = t + 586. What are the prime factors of t?
3, 5, 13
What are the prime factors of (137 + (-1 - (-1 + 0)))*1?
137
Let a be 2/(-3*(-2)/9). Suppose 3*t + t + 9 = l, a*t + 33 = -3*l. Let y = l + 20. List the prime factors of y.
13
Suppose 5*u + 10 = -5*u. List the prime factors of (-3075)/(-100)*(22/6 + u).
2, 41
Let x be ((-3)/5)/(2/(-290)) - 1. Suppose -b = -3*r - 23, 4*r - x = -2*b - 0*r. List the prime factors of b.
5, 7
Let f(x) = x**3 - x**2 + x + 1. Let v(z) = 3*z**3 + 6*z**2 + z + 12. Let g(u) = -4*f(u) + v(u). What are the prime factors of g(8)?
2, 7
Let l(b) = b + 23. Let a be l(-25). What are the prime factors of 12 + (a - (-11 + 4))?
17
Suppose -x - z = -2711, 7*x + 4*z - 13554 = 2*x. List the prime factors of x.
2, 5, 271
Suppose -4*a + 5*a - 43 = 0. Let w = a - 20. What are the prime factors of w?
23
Let y be (-3)/(10 - 1)*-27. Suppose 5*m + 5*d = -35, -3*m - 2*d = -3*d + y. List the prime factors of m/(12/(-75))*1.
5
Let u = 3257 - 977. List the prime factors of u.
2, 3, 5, 19
Let f = -379 + 706. List the prime factors of f.
3, 109
Suppose 6*k - 1287 = -195. Suppose 7*l - 5*l = k. What are the prime factors of l?
7, 13
Suppose 6*l + 7*l = -182. Let c(s) = s**2 + 12*s - 18. List the prime factors of c(l).
2, 5
Suppose -5*j = 2*s - 773, -3*j + 0 = -9. What are the prime factors of s?
379
Let t = -396 - -1188. List the prime factors of t.
2, 3, 11
Suppose 0 = -z + 5*v + 2095, 2*z + 2*z + 2*v = 8490. Suppose 103 = 9*i - z. What are the prime factors of i?
13, 19
Suppose 0 = 44*k - 4112 - 12652. What are the prime factors of k?
3, 127
Suppose -13130 = 12*j - 25*j. What are the prime factors of j?
2, 5, 101
Let h(a) = -3*a - 4. Let c be h(-6). Suppose 0 = -5*r + 4 - c. What are the prime factors of 2/4 - 9/r?
5
List the prime factors of 6/(-21) + (-6870)/(-35).
2, 7
Let g(j) = j**3 + 8*j**2 + 4*j - 9. Let y = 46 - 52. List the prime factors of g(y).
3, 13
Suppose 2*b - 14 = -4*k, 0 = -k - 5*b + 6 + 2. Suppose -z - 8*q = -k*q - 134, z - 2*q = 141. List the prime factors of z.
139
Let o(t) = -22 + t - t + 2*t + 0*t. Let v be o(10). Let x(n) = -5*n - 7. What are the prime factors of x(v)?
3
Suppose 0 = 11*s - 1908 - 5429. What are the prime factors of s?
23, 29
Let r = -1866 - -6961. List the prime factors of r.
5, 1019
Suppose m = -5*o + 8963, -4*m + m - 8971 = -5*o. What are the prime factors of o?
11, 163
Suppose -21*n + 9633 = -38856. What are the prime factors of n?
2309
Let r(o) = o**2 + 22*o + 49. List the prime factors of r(25).
2, 3, 17
Let d(f) = 73*f**2 + 8*f + 17. List the prime factors of d(6).
2693
List the prime factors of 2 - 628/(-1 + -3).
3, 53
Let w = -26 - -39. Let k = 3 + w. What are the prime factors of k?
2
Suppose 41*y + 70518 = 62*y. List the prime factors of y.
2, 23, 73
List the prime factors of 2*(-10)/4 + (27 - -717).
739
Let a(f) = f + 7. Let m be a(-5). Let o(x) = -7*x + 2 + x**m + 6*x + 0. What are the prime factors of o(2)?
2
Let q(v) = 50*v + 47. Let l(j) = -101*j - 93. Let y(x) = -4*l(x) - 9*q(x). List the prime factors of y(-6).
3, 5
Let x(c) = -162*c + 210. What are the prime factors of x(-4)?
2, 3, 11, 13
Let p be (-1)/(-11)*438 - 4/(-22). Suppose -r = -0*r - p. List the prime factors of r.
2, 5
Suppose -20 = 6*m - 128. List the prime factors of m*((-1)/4 + (-91)/(-52)).
3
Suppose -4*w = -0*w - 16. Suppose 0 = y + 5*j - 21, -5*j + 1 = -w. List the prime factors of y.
2
Let g(n) = -5*n**3 + n**2 + n - 1. Let m be g(1). Let v(k) = -k. Let l(o) = -4*o. Let z(p) = 5*l(p) - 15*v(p). What are the prime factors of z(m)?
2, 5
Suppose -2*z - 2*g - 6 = 0, -z + 0 = -5*g - 15. Suppose z = 13*r - 12*r. Suppose -2*s + r = 4*m - 62, 0 = -5*m - 15. List the prime factors of s.
37
Suppose -2*i + 6 = o - i, -12 = -2*o + i. Suppose 0 = o*t - t + 20. Let g = 28 - t. What are the prime factors of g?
2
Suppose 2*y + 25 = r, 4*y - 5 = -25. Let m = r - -15. List the prime factors of m.
2, 3, 5
Suppose -83 = d + 3*t + 41, 0 = -2*d + 2*t - 240. Let u = 196 + d. List the prime factors of u.
3, 5
Let z(g) = -168*g + 286. List the prime factors of z(-22).
2, 11, 181
Let z(x) = x**2 - 6*x + 1. Let s be z(2). Let v(o) = o**2 - 15*o - 32. What are the prime factors of v(s)?
2, 61
Let l(q) = 5*q - 3*q + 5*q + 3*q + 25. List the prime factors of l(5).
3, 5
Let p be (1 + -2 + 1)/(-2). Let v be 5/((-80)/(-28))*4. Suppose p = -2*q + 17 - v. What are the prime factors of q?
5
Suppose -4*l - 4*m = -7*m - 73, 2*l - 3*m - 35 = 0. Suppose 4*g - 24 = -4. Suppose -t - g + l = 0. List the prime factors of t.
2, 7
Suppose 0 = -5*b + 3 + 12. Suppose 0*v + 171 = -b*